{"id":525,"date":"2023-01-01T10:00:07","date_gmt":"2023-01-01T13:00:07","guid":{"rendered":"http:\/\/demowp.cththemes.net\/gatherv2\/?page_id=525"},"modified":"2023-02-28T22:28:01","modified_gmt":"2023-03-01T01:28:01","slug":"inicio","status":"publish","type":"page","link":"https:\/\/aacic.com.br\/cinemanasescolas\/2023\/","title":{"rendered":"In\u00edcio"},"content":{"rendered":"<div class=\"wpb-content-wrapper\"><p>[vc_row cth_layout=&#8221;gather_header&#8221; el_id=&#8221;top&#8221; css=&#8221;.vc_custom_1674091578688{padding-top: 30px !important;padding-bottom: 35px !important;background-color: #055d61 !important;}&#8221;][vc_column][vc_single_image image=&#8221;9084&#8243; img_size=&#8221;full&#8221; alignment=&#8221;center&#8221;][\/vc_column][\/vc_row][vc_row cth_layout=&#8221;gather_header&#8221; css=&#8221;.vc_custom_1674083342647{padding-top: 10px !important;padding-bottom: 12px !important;background-color: #658d97 !important;}&#8221;][vc_column][vc_single_image image=&#8221;8977&#8243; img_size=&#8221;full&#8221; alignment=&#8221;center&#8221;][\/vc_column][\/vc_row][vc_row cth_layout=&#8221;gather_header&#8221; css=&#8221;.vc_custom_1677175159742{padding-top: 30px !important;padding-bottom: 30px !important;background-color: #777a8d !important;}&#8221;][vc_column][vc_video link=&#8221;https:\/\/youtu.be\/EfdRPG3XWY8&#8243; el_width=&#8221;70&#8243; align=&#8221;center&#8221;][\/vc_column][\/vc_row][vc_row cth_layout=&#8221;gather_header&#8221; css=&#8221;.vc_custom_1648688814361{padding-top: 30px !important;padding-bottom: 30px !important;background-color: #ffffff !important;}&#8221;][vc_column width=&#8221;1\/3&#8243;][vc_single_image image=&#8221;8994&#8243; img_size=&#8221;480&#215;720&#8243; onclick=&#8221;link_image&#8221;][\/vc_column][vc_column width=&#8221;2\/3&#8243;][vc_text_separator title=&#8221;O FILME&#8221; i_icon_fontawesome=&#8221;fas fa-video&#8221; i_color=&#8221;custom&#8221; color=&#8221;custom&#8221; border_width=&#8221;2&#8243; add_icon=&#8221;true&#8221; i_custom_color=&#8221;#777a8d&#8221; accent_color=&#8221;#777a8d&#8221; css=&#8221;.vc_custom_1674091670026{padding-bottom: 10px !important;}&#8221;][vc_column_text]<\/p>\n<p style=\"text-align: left;\">O longa-metragem &#8220;<strong>O Pastor e o Guerrilheiro<\/strong>&#8221; se passa nas d\u00e9cadas de 1960, 1970 e nos \u00faltimos dias de 1999. Em 1968, o jovem comunista Jo\u00e3o deixa a universidade e vai para uma guerrilha na Amaz\u00f4nia. \u00c9 preso, torturado e enviado para a pris\u00e3o em Bras\u00edlia, onde encontra Zaqueu, um crist\u00e3o evang\u00e9lico, preso por engano. Eles sofrem juntos, superam diferen\u00e7as ideol\u00f3gicas, se ajudam e marcam um encontro para 27 anos depois, \u00e0 meia-noite, na virada do mil\u00eanio, na Torre de TV de Bras\u00edlia.<\/p>\n<p style=\"text-align: left;\">Produzido por Nilson Rodrigues e dirigido por Jos\u00e9 Eduardo Belmonte, o longa-metragem foi rodado no Tocantins, \u00e0s margens do Rio Araguaia, e em Bras\u00edlia.<\/p>\n<p style=\"text-align: left;\">O elenco conta com uma nova gera\u00e7\u00e3o do cinema nacional: Johnny Massaro, Julia Dalavia, C\u00e9sar Mello, Ana Hartmann, T\u00falio Starling e William Costa. Tamb\u00e9m tem nomes como C\u00e1ssia Kiss, Ant\u00f4nio Grassi, S\u00e9rgio Mamberti, Buda Lira e Ricardo Gelli.<\/p>\n<p style=\"text-align: left;\">Produ\u00e7\u00e3o executiva de Caetano Curi, dire\u00e7\u00e3o de fotografia de B\u00e1rbara Alvarez, dire\u00e7\u00e3o de arte de Ana Paula Cardoso, dire\u00e7\u00e3o de produ\u00e7\u00e3o de Larissa Rolin, m\u00fasica de Sascha Kratzer e figurino de Diana Brand\u00e3o. O roteiro \u00e9 assinado por Jos\u00e9 Rezende Junior, Nilson Rodrigues e Jos\u00e9 Eduardo Belmonte. Roteiro final de Josefina Trotta.<\/p>\n<p>[\/vc_column_text][\/vc_column][\/vc_row][vc_row cth_layout=&#8221;gather_sec&#8221; css=&#8221;.vc_custom_1674083968647{padding-top: 30px !important;padding-bottom: 50px !important;background-color: #bbab9b !important;}&#8221; el_id=&#8221;about&#8221;][vc_column][vc_column_text]<\/p>\n<h5 style=\"text-align: center;\">SOBRE O PROJETO<\/h5>\n<p>[\/vc_column_text][vc_empty_space height=&#8221;25px&#8221;][vc_column_text]&#8221;<strong>Cinema nas Escolas &#8211; Circuito de Cinema Brasileiro<\/strong>&#8221; traz o pr\u00e9-lan\u00e7amento do filme &#8220;<strong>O Pastor e o Guerrilheiro<\/strong>&#8220;, voltado para os estudantes de escolas p\u00fablicas de diversas regi\u00f5es do Distrito Federal e tamb\u00e9m para os universit\u00e1rios da UnB, onde cenas do longa-metragem foram rodadas.<\/p>\n<p>O projeto far\u00e1 parte das atividades das escolas voltadas para a comunidade escolar, visando promover a reflex\u00e3o em torno do filme, mas tamb\u00e9m oportunizar o encontro de estudantes e seus familiares no ambiente escolar, j\u00e1 que pais e m\u00e3es dos alunos ser\u00e3o convidados.<\/p>\n<p>Ser\u00e3o 18 sess\u00f5es gratuitas de pr\u00e9-estreia do filme de fic\u00e7\u00e3o (inspirado em fatos reais) dirigido por Jos\u00e9 Eduardo Belmonte, em 10 audit\u00f3rios de escolas p\u00fablicas do DF, de ensino m\u00e9dio e universit\u00e1rio, incluindo debate ap\u00f3s cada exibi\u00e7\u00e3o. As sess\u00f5es ser\u00e3o realizadas com equipamentos profissionais, padr\u00e3o digital (DCP).<\/p>\n<p>A atividade se dar\u00e1 antes do filme estrear nas salas de cinema, tornando-se um evento in\u00e9dito, uma oportunidade para que a comunidade estudantil possa prestigiar e discutir a obra com seus realizadores e especialistas. Mais ainda, \u00e9 uma contribui\u00e7\u00e3o para ampliar as atividades culturais dentro das escolas, favorecendo a diversidade curricular.<\/p>\n<p>O filme foi selecionado para o Festival de Gramado, Nova York Latino Film Festival, Festival Internacional de Cinema do Rio de Janeiro, Mostra de Cinema Internacional de S\u00e3o Paulo e Festival de Trieste na It\u00e1lia. Em Bras\u00edlia, foi vencedor do pr\u00eamio Melhor Filme, concedido pela C\u00e2mara Legislativa do Distrito Federal, no 55\u00ba Festival de Bras\u00edlia do Cinema Brasileiro, edi\u00e7\u00e3o de 2022. Posteriormente, ser\u00e1 lan\u00e7ado nas salas de cinema de todo o pa\u00eds.[\/vc_column_text][\/vc_column][\/vc_row][vc_row cth_layout=&#8221;gather_sec&#8221; el_id=&#8221;schedule&#8221; css=&#8221;.vc_custom_1674091416296{padding-top: 35px !important;padding-bottom: 25px !important;}&#8221;][vc_column][vc_column_text]<\/p>\n<h5 style=\"text-align: center;\">PROGRAMA\u00c7\u00c3O<\/h5>\n<p>[\/vc_column_text][vc_empty_space height=&#8221;25px&#8221;][cth_schedules][\/vc_column][\/vc_row][vc_row cth_layout=&#8221;gather_sec&#8221; el_id=&#8221;sponsors&#8221; css=&#8221;.vc_custom_1674085413174{padding-top: 50px !important;padding-bottom: 50px !important;background-color: #353c52 !important;}&#8221;][vc_column][vc_single_image image=&#8221;9093&#8243; img_size=&#8221;full&#8221; alignment=&#8221;center&#8221;][\/vc_column][\/vc_row][vc_row cth_layout=&#8221;gather_sec&#8221; el_id=&#8221;blog&#8221; css=&#8221;.vc_custom_1676324509556{padding-top: 30px !important;padding-bottom: 50px !important;}&#8221;][vc_column][vc_column_text]<\/p>\n<h5 style=\"text-align: center;\">\u00daLTIMAS NOT\u00cdCIAS<\/h5>\n<h6 style=\"text-align: center;\"><a href=\"https:\/\/aacic.com.br\/cinemanasescolas\/2023\/blog\/\">CLIQUE AQUI<\/a> para ver todas as postagens do blog do evento<\/h6>\n<p>[\/vc_column_text][vc_empty_space height=&#8221;35px&#8221;][vc_basic_grid post_type=&#8221;post&#8221; max_items=&#8221;4&#8243; element_width=&#8221;3&#8243; gap=&#8221;20&#8243; item=&#8221;8744&#8243; initial_loading_animation=&#8221;none&#8221; grid_id=&#8221;vc_gid:1677634058161-fa7d9b37-53b5-7&#8243;][\/vc_column][\/vc_row][vc_row content_placement=&#8221;middle&#8221; cth_layout=&#8221;gather_sec&#8221; css=&#8221;.vc_custom_1676324608749{padding-top: 30px !important;padding-bottom: 35px !important;background-color: #658d97 !important;}&#8221;][vc_column][vc_column_text]<\/p>\n<h6 style=\"text-align: center;\">TERMO DE FOMENTO (MROSC) N\u00ba 103\/2022<\/h6>\n<p>[\/vc_column_text][vc_empty_space height=&#8221;20px&#8221;][vc_column_text]<\/p>\n<p style=\"text-align: center;\"><strong>Objeto da Parceria:<\/strong> Projeto Cinema nas Escolas &#8211; Circuito de Cinema Brasileiro<br \/>\n<strong>Data da Assinatura:<\/strong> 16 de novembro de 2022<br \/>\n<strong>Organiza\u00e7\u00e3o da Sociedade Civil:<\/strong> Associa\u00e7\u00e3o Amigos do Cinema e da Cultura (CNPJ 08.902.167\/0001-50)<br \/>\n<strong>\u00d3rg\u00e3o da Administra\u00e7\u00e3o P\u00fablica:<\/strong> Secretaria de Estado de Cultura e Economia Criativa do Distrito Federal<br \/>\n<strong>Valor da Parceria (valor liberado):<\/strong> R$ 300.000,00<br \/>\n<strong>Vig\u00eancia do Projeto:<\/strong> 16\/11\/2022 a 16\/06\/2023<\/p>\n<p>[\/vc_column_text][\/vc_column][\/vc_row]<\/p>\n<\/div>","protected":false},"excerpt":{"rendered":"<p>[vc_row cth_layout=&#8221;gather_header&#8221; el_id=&#8221;top&#8221; css=&#8221;.vc_custom_1674091578688{padding-top: 30px !important;padding-bottom: 35px !important;background-color: #055d61 !important;}&#8221;][vc_column][vc_single_image image=&#8221;9084&#8243; img_size=&#8221;full&#8221; alignment=&#8221;center&#8221;][\/vc_column][\/vc_row][vc_row cth_layout=&#8221;gather_header&#8221; css=&#8221;.vc_custom_1674083342647{padding-top: 10px !important;padding-bottom: 12px !important;background-color: #658d97 !important;}&#8221;][vc_column][vc_single_image image=&#8221;8977&#8243; img_size=&#8221;full&#8221; alignment=&#8221;center&#8221;][\/vc_column][\/vc_row][vc_row cth_layout=&#8221;gather_header&#8221; css=&#8221;.vc_custom_1677175159742{padding-top: 30px !important;padding-bottom: 30px !important;background-color: #777a8d !important;}&#8221;][vc_column][vc_video link=&#8221;https:\/\/youtu.be\/EfdRPG3XWY8&#8243; el_width=&#8221;70&#8243; align=&#8221;center&#8221;][\/vc_column][\/vc_row][vc_row cth_layout=&#8221;gather_header&#8221; css=&#8221;.vc_custom_1648688814361{padding-top: 30px !important;padding-bottom: 30px !important;background-color: #ffffff !important;}&#8221;][vc_column width=&#8221;1\/3&#8243;][vc_single_image image=&#8221;8994&#8243; img_size=&#8221;480&#215;720&#8243; onclick=&#8221;link_image&#8221;][\/vc_column][vc_column width=&#8221;2\/3&#8243;][vc_text_separator title=&#8221;O FILME&#8221; i_icon_fontawesome=&#8221;fas fa-video&#8221; i_color=&#8221;custom&#8221; color=&#8221;custom&#8221; border_width=&#8221;2&#8243;&#8230;<\/p>\n","protected":false},"author":2,"featured_media":0,"parent":0,"menu_order":0,"comment_status":"open","ping_status":"closed","template":"homepage-onepage.php","meta":{"ngg_post_thumbnail":0,"footnotes":""},"class_list":["post-525","page","type-page","status-publish","hentry"],"yoast_head":"<!-- This site is optimized with the Yoast SEO plugin v26.4 - https:\/\/yoast.com\/wordpress\/plugins\/seo\/ -->\n<title>In\u00edcio - Cinema nas Escolas 2023<\/title>\n<meta name=\"description\" content=\"Pr\u00e9-estreia gratuita do filme \u201cO Pastor e o Guerrilheiro\u201c para estudantes de escolas p\u00fablicas do DF e universit\u00e1rios da UnB.\" \/>\n<meta name=\"robots\" content=\"index, follow, max-snippet:-1, max-image-preview:large, max-video-preview:-1\" \/>\n<link rel=\"canonical\" href=\"https:\/\/aacic.com.br\/cinemanasescolas\/2023\/\" \/>\n<meta property=\"og:locale\" content=\"pt_BR\" \/>\n<meta property=\"og:type\" content=\"article\" \/>\n<meta property=\"og:title\" content=\"In\u00edcio - Cinema nas Escolas 2023\" \/>\n<meta property=\"og:description\" content=\"Pr\u00e9-estreia gratuita do filme \u201cO Pastor e o Guerrilheiro\u201c para estudantes de escolas p\u00fablicas do DF e universit\u00e1rios da UnB.\" \/>\n<meta property=\"og:url\" content=\"https:\/\/aacic.com.br\/cinemanasescolas\/2023\/\" \/>\n<meta property=\"og:site_name\" content=\"Cinema nas Escolas 2023\" \/>\n<meta property=\"article:publisher\" content=\"https:\/\/facebook.com\/amigoscult\" \/>\n<meta property=\"article:modified_time\" content=\"2023-03-01T01:28:01+00:00\" \/>\n<meta property=\"og:image\" content=\"https:\/\/aacic.com.br\/cinemanasescolas\/2023\/wp-content\/uploads\/2023\/01\/cinema-nas-escolas-2023.png\" \/>\n\t<meta property=\"og:image:width\" content=\"1280\" \/>\n\t<meta property=\"og:image:height\" content=\"720\" \/>\n\t<meta property=\"og:image:type\" content=\"image\/png\" \/>\n<meta name=\"twitter:card\" content=\"summary_large_image\" \/>\n<meta name=\"twitter:site\" content=\"@amigoscult\" \/>\n<meta name=\"twitter:label1\" content=\"Est. tempo de leitura\" \/>\n\t<meta name=\"twitter:data1\" content=\"4 minutos\" \/>\n<script type=\"application\/ld+json\" class=\"yoast-schema-graph\">{\"@context\":\"https:\/\/schema.org\",\"@graph\":[{\"@type\":\"WebPage\",\"@id\":\"https:\/\/aacic.com.br\/cinemanasescolas\/2023\/\",\"url\":\"https:\/\/aacic.com.br\/cinemanasescolas\/2023\/\",\"name\":\"In\u00edcio - Cinema nas Escolas 2023\",\"isPartOf\":{\"@id\":\"https:\/\/aacic.com.br\/cinemanasescolas\/2023\/#website\"},\"datePublished\":\"2023-01-01T13:00:07+00:00\",\"dateModified\":\"2023-03-01T01:28:01+00:00\",\"description\":\"Pr\u00e9-estreia gratuita do filme \u201cO Pastor e o Guerrilheiro\u201c para estudantes de escolas p\u00fablicas do DF e universit\u00e1rios da UnB.\",\"breadcrumb\":{\"@id\":\"https:\/\/aacic.com.br\/cinemanasescolas\/2023\/#breadcrumb\"},\"inLanguage\":\"pt-BR\",\"potentialAction\":[{\"@type\":\"ReadAction\",\"target\":[\"https:\/\/aacic.com.br\/cinemanasescolas\/2023\/\"]}]},{\"@type\":\"BreadcrumbList\",\"@id\":\"https:\/\/aacic.com.br\/cinemanasescolas\/2023\/#breadcrumb\",\"itemListElement\":[{\"@type\":\"ListItem\",\"position\":1,\"name\":\"In\u00edcio\",\"item\":\"https:\/\/aacic.com.br\/cinemanasescolas\/2023\/\"},{\"@type\":\"ListItem\",\"position\":2,\"name\":\"In\u00edcio\"}]},{\"@type\":\"WebSite\",\"@id\":\"https:\/\/aacic.com.br\/cinemanasescolas\/2023\/#website\",\"url\":\"https:\/\/aacic.com.br\/cinemanasescolas\/2023\/\",\"name\":\"Cinema nas Escolas - Circuito de Cinema Brasileiro\",\"description\":\"Circuito de Cinema Brasileiro\",\"publisher\":{\"@id\":\"https:\/\/aacic.com.br\/cinemanasescolas\/2023\/#organization\"},\"potentialAction\":[{\"@type\":\"SearchAction\",\"target\":{\"@type\":\"EntryPoint\",\"urlTemplate\":\"https:\/\/aacic.com.br\/cinemanasescolas\/2023\/?s={search_term_string}\"},\"query-input\":{\"@type\":\"PropertyValueSpecification\",\"valueRequired\":true,\"valueName\":\"search_term_string\"}}],\"inLanguage\":\"pt-BR\"},{\"@type\":\"Organization\",\"@id\":\"https:\/\/aacic.com.br\/cinemanasescolas\/2023\/#organization\",\"name\":\"Associa\u00e7\u00e3o Amigos do Cinema e da Cultura (AACIC)\",\"url\":\"https:\/\/aacic.com.br\/cinemanasescolas\/2023\/\",\"logo\":{\"@type\":\"ImageObject\",\"inLanguage\":\"pt-BR\",\"@id\":\"https:\/\/aacic.com.br\/cinemanasescolas\/2023\/#\/schema\/logo\/image\/\",\"url\":\"https:\/\/aacic.com.br\/cinemanasescolas\/2023\/wp-content\/uploads\/2023\/01\/cinema-nas-escolas-2023.png\",\"contentUrl\":\"https:\/\/aacic.com.br\/cinemanasescolas\/2023\/wp-content\/uploads\/2023\/01\/cinema-nas-escolas-2023.png\",\"width\":1280,\"height\":720,\"caption\":\"Associa\u00e7\u00e3o Amigos do Cinema e da Cultura (AACIC)\"},\"image\":{\"@id\":\"https:\/\/aacic.com.br\/cinemanasescolas\/2023\/#\/schema\/logo\/image\/\"},\"sameAs\":[\"https:\/\/facebook.com\/amigoscult\",\"https:\/\/x.com\/amigoscult\",\"https:\/\/instagram.com\/amigoscult\"]}]}<\/script>\n<!-- \/ Yoast SEO plugin. -->","yoast_head_json":{"title":"In\u00edcio - Cinema nas Escolas 2023","description":"Pr\u00e9-estreia gratuita do filme \u201cO Pastor e o Guerrilheiro\u201c para estudantes de escolas p\u00fablicas do DF e universit\u00e1rios da UnB.","robots":{"index":"index","follow":"follow","max-snippet":"max-snippet:-1","max-image-preview":"max-image-preview:large","max-video-preview":"max-video-preview:-1"},"canonical":"https:\/\/aacic.com.br\/cinemanasescolas\/2023\/","og_locale":"pt_BR","og_type":"article","og_title":"In\u00edcio - Cinema nas Escolas 2023","og_description":"Pr\u00e9-estreia gratuita do filme \u201cO Pastor e o Guerrilheiro\u201c para estudantes de escolas p\u00fablicas do DF e universit\u00e1rios da UnB.","og_url":"https:\/\/aacic.com.br\/cinemanasescolas\/2023\/","og_site_name":"Cinema nas Escolas 2023","article_publisher":"https:\/\/facebook.com\/amigoscult","article_modified_time":"2023-03-01T01:28:01+00:00","og_image":[{"width":1280,"height":720,"url":"https:\/\/aacic.com.br\/cinemanasescolas\/2023\/wp-content\/uploads\/2023\/01\/cinema-nas-escolas-2023.png","type":"image\/png"}],"twitter_card":"summary_large_image","twitter_site":"@amigoscult","twitter_misc":{"Est. tempo de leitura":"4 minutos"},"schema":{"@context":"https:\/\/schema.org","@graph":[{"@type":"WebPage","@id":"https:\/\/aacic.com.br\/cinemanasescolas\/2023\/","url":"https:\/\/aacic.com.br\/cinemanasescolas\/2023\/","name":"In\u00edcio - Cinema nas Escolas 2023","isPartOf":{"@id":"https:\/\/aacic.com.br\/cinemanasescolas\/2023\/#website"},"datePublished":"2023-01-01T13:00:07+00:00","dateModified":"2023-03-01T01:28:01+00:00","description":"Pr\u00e9-estreia gratuita do filme \u201cO Pastor e o Guerrilheiro\u201c para estudantes de escolas p\u00fablicas do DF e universit\u00e1rios da UnB.","breadcrumb":{"@id":"https:\/\/aacic.com.br\/cinemanasescolas\/2023\/#breadcrumb"},"inLanguage":"pt-BR","potentialAction":[{"@type":"ReadAction","target":["https:\/\/aacic.com.br\/cinemanasescolas\/2023\/"]}]},{"@type":"BreadcrumbList","@id":"https:\/\/aacic.com.br\/cinemanasescolas\/2023\/#breadcrumb","itemListElement":[{"@type":"ListItem","position":1,"name":"In\u00edcio","item":"https:\/\/aacic.com.br\/cinemanasescolas\/2023\/"},{"@type":"ListItem","position":2,"name":"In\u00edcio"}]},{"@type":"WebSite","@id":"https:\/\/aacic.com.br\/cinemanasescolas\/2023\/#website","url":"https:\/\/aacic.com.br\/cinemanasescolas\/2023\/","name":"Cinema nas Escolas - Circuito de Cinema Brasileiro","description":"Circuito de Cinema Brasileiro","publisher":{"@id":"https:\/\/aacic.com.br\/cinemanasescolas\/2023\/#organization"},"potentialAction":[{"@type":"SearchAction","target":{"@type":"EntryPoint","urlTemplate":"https:\/\/aacic.com.br\/cinemanasescolas\/2023\/?s={search_term_string}"},"query-input":{"@type":"PropertyValueSpecification","valueRequired":true,"valueName":"search_term_string"}}],"inLanguage":"pt-BR"},{"@type":"Organization","@id":"https:\/\/aacic.com.br\/cinemanasescolas\/2023\/#organization","name":"Associa\u00e7\u00e3o Amigos do Cinema e da Cultura (AACIC)","url":"https:\/\/aacic.com.br\/cinemanasescolas\/2023\/","logo":{"@type":"ImageObject","inLanguage":"pt-BR","@id":"https:\/\/aacic.com.br\/cinemanasescolas\/2023\/#\/schema\/logo\/image\/","url":"https:\/\/aacic.com.br\/cinemanasescolas\/2023\/wp-content\/uploads\/2023\/01\/cinema-nas-escolas-2023.png","contentUrl":"https:\/\/aacic.com.br\/cinemanasescolas\/2023\/wp-content\/uploads\/2023\/01\/cinema-nas-escolas-2023.png","width":1280,"height":720,"caption":"Associa\u00e7\u00e3o Amigos do Cinema e da Cultura (AACIC)"},"image":{"@id":"https:\/\/aacic.com.br\/cinemanasescolas\/2023\/#\/schema\/logo\/image\/"},"sameAs":["https:\/\/facebook.com\/amigoscult","https:\/\/x.com\/amigoscult","https:\/\/instagram.com\/amigoscult"]}]}},"_links":{"self":[{"href":"https:\/\/aacic.com.br\/cinemanasescolas\/2023\/wp-json\/wp\/v2\/pages\/525","targetHints":{"allow":["GET"]}}],"collection":[{"href":"https:\/\/aacic.com.br\/cinemanasescolas\/2023\/wp-json\/wp\/v2\/pages"}],"about":[{"href":"https:\/\/aacic.com.br\/cinemanasescolas\/2023\/wp-json\/wp\/v2\/types\/page"}],"author":[{"embeddable":true,"href":"https:\/\/aacic.com.br\/cinemanasescolas\/2023\/wp-json\/wp\/v2\/users\/2"}],"replies":[{"embeddable":true,"href":"https:\/\/aacic.com.br\/cinemanasescolas\/2023\/wp-json\/wp\/v2\/comments?post=525"}],"version-history":[{"count":196,"href":"https:\/\/aacic.com.br\/cinemanasescolas\/2023\/wp-json\/wp\/v2\/pages\/525\/revisions"}],"predecessor-version":[{"id":9197,"href":"https:\/\/aacic.com.br\/cinemanasescolas\/2023\/wp-json\/wp\/v2\/pages\/525\/revisions\/9197"}],"wp:attachment":[{"href":"https:\/\/aacic.com.br\/cinemanasescolas\/2023\/wp-json\/wp\/v2\/media?parent=525"}],"curies":[{"name":"wp","href":"https:\/\/api.w.org\/{rel}","templated":true}]}}