{"id":2333,"date":"2021-11-29T23:29:06","date_gmt":"2021-11-30T02:29:06","guid":{"rendered":"https:\/\/aacic.com.br\/dialogoscontemporaneos\/2021\/curitiba\/?page_id=2333"},"modified":"2021-11-29T23:31:53","modified_gmt":"2021-11-30T02:31:53","slug":"blogcwb","status":"publish","type":"page","link":"https:\/\/aacic.com.br\/dialogoscontemporaneos\/2021\/curitiba\/blogcwb\/","title":{"rendered":"Blog"},"content":{"rendered":"<div class=\"wpb-content-wrapper\">[vc_row][vc_column]<div class=\"events_heading text-center \">\n<h2><span style=\"color: #8b2a6e;\">FIQUE POR DENTRO<\/span><\/h2>\n<h3><span style=\"color: #000000;\">Confira aqui os v\u00eddeos das transmiss\u00f5es, as fotos dos eventos e not\u00edcias sobre o projeto.<\/span><\/h3>\n<hr\/><\/div>[\/vc_column][\/vc_row][vc_row][vc_column][vc_basic_grid post_type=&#8221;post&#8221; max_items=&#8221;20&#8243; element_width=&#8221;3&#8243; gap=&#8221;20&#8243; item=&#8221;2335&#8243; initial_loading_animation=&#8221;none&#8221; grid_id=&#8221;vc_gid:1638239350179-df483902-2ba4-5&#8243; taxonomies=&#8221;1&#8243;][\/vc_column][\/vc_row]\n<\/div>","protected":false},"excerpt":{"rendered":"<p>[vc_row][vc_column][\/vc_column][\/vc_row][vc_row][vc_column][vc_basic_grid post_type=&#8221;post&#8221; max_items=&#8221;20&#8243; element_width=&#8221;3&#8243; gap=&#8221;20&#8243; item=&#8221;2335&#8243; initial_loading_animation=&#8221;none&#8221; grid_id=&#8221;vc_gid:1638239350179-df483902-2ba4-5&#8243; taxonomies=&#8221;1&#8243;][\/vc_column][\/vc_row]<\/p>\n","protected":false},"author":1,"featured_media":0,"parent":0,"menu_order":0,"comment_status":"closed","ping_status":"closed","template":"","meta":{"footnotes":""},"class_list":["post-2333","page","type-page","status-publish","hentry"],"_links":{"self":[{"href":"https:\/\/aacic.com.br\/dialogoscontemporaneos\/2021\/curitiba\/wp-json\/wp\/v2\/pages\/2333","targetHints":{"allow":["GET"]}}],"collection":[{"href":"https:\/\/aacic.com.br\/dialogoscontemporaneos\/2021\/curitiba\/wp-json\/wp\/v2\/pages"}],"about":[{"href":"https:\/\/aacic.com.br\/dialogoscontemporaneos\/2021\/curitiba\/wp-json\/wp\/v2\/types\/page"}],"author":[{"embeddable":true,"href":"https:\/\/aacic.com.br\/dialogoscontemporaneos\/2021\/curitiba\/wp-json\/wp\/v2\/users\/1"}],"replies":[{"embeddable":true,"href":"https:\/\/aacic.com.br\/dialogoscontemporaneos\/2021\/curitiba\/wp-json\/wp\/v2\/comments?post=2333"}],"version-history":[{"count":3,"href":"https:\/\/aacic.com.br\/dialogoscontemporaneos\/2021\/curitiba\/wp-json\/wp\/v2\/pages\/2333\/revisions"}],"predecessor-version":[{"id":2337,"href":"https:\/\/aacic.com.br\/dialogoscontemporaneos\/2021\/curitiba\/wp-json\/wp\/v2\/pages\/2333\/revisions\/2337"}],"wp:attachment":[{"href":"https:\/\/aacic.com.br\/dialogoscontemporaneos\/2021\/curitiba\/wp-json\/wp\/v2\/media?parent=2333"}],"curies":[{"name":"wp","href":"https:\/\/api.w.org\/{rel}","templated":true}]}}