{"id":1601,"date":"2021-05-25T18:52:14","date_gmt":"2021-05-25T21:52:14","guid":{"rendered":"https:\/\/dialogoscontemporaneos.com\/2021\/maceio\/?page_id=1601"},"modified":"2021-09-30T22:16:02","modified_gmt":"2021-09-30T22:16:02","slug":"cuidados","status":"publish","type":"page","link":"https:\/\/aacic.com.br\/dialogoscontemporaneos\/2021\/distritofederal\/cuidados\/","title":{"rendered":"Cuidados"},"content":{"rendered":"<div class=\"wpb-content-wrapper\">[vc_row][vc_column]<div class=\"events_heading text-center \">\n<h2>CUIDADOS<\/h2>\n<h3><span style=\"color: #032179;\">Saiba sobre a acessibilidade do evento e a biosseguran\u00e7a com a pandemia<\/span><\/h3>\n<hr\/><\/div>[vc_column_text]Em Taguatinga, o projeto liter\u00e1rio Di\u00e1logos Contempor\u00e2neos ser\u00e1 realizado no Centro Cultural Taguaparque, localizado na Col\u00f4nia Agr\u00edcola. J\u00e1 em Sobradinho, o evento ser\u00e1 no Gin\u00e1sio de Esportes, na Quadra 2, \u00c1rea Especial 3.[\/vc_column_text][vc_masonry_media_grid element_width=&#8221;6&#8243; gap=&#8221;10&#8243; grid_id=&#8221;vc_gid:1633040144037-718b49f8-0afe-5&#8243; include=&#8221;2119,2118&#8243;][\/vc_column][\/vc_row][vc_row][vc_column width=&#8221;1\/2&#8243;][vc_text_separator title=&#8221;ACESSIBILIDADE&#8221; i_icon_fontawesome=&#8221;fas fa-wheelchair&#8221; i_color=&#8221;custom&#8221; title_align=&#8221;separator_align_left&#8221; color=&#8221;custom&#8221; border_width=&#8221;3&#8243; add_icon=&#8221;true&#8221; i_custom_color=&#8221;#032179&#8243; accent_color=&#8221;#032179&#8243;][vc_column_text]Sobre a acessibilidade para cadeirantes ou pessoas com mobilidade reduzida, seguem abaixo as informa\u00e7\u00f5es reunidas pela equipe de produ\u00e7\u00e3o:<\/p>\n<p><strong>TAGUATINGA<\/strong><\/p>\n<ul>\n<li>H\u00e1 rampas para acesso para cadeirantes? <strong>SIM<\/strong><\/li>\n<li>H\u00e1 banheiros adaptados? <strong>SIM<\/strong><\/li>\n<li>H\u00e1 assentos reservados para cadeirantes ou pessoas com mobilidade reduzida? <strong>N\u00c3O, por\u00e9m, h\u00e1 espa\u00e7os reservados para cadeiras de rodas.<\/strong><\/li>\n<li>H\u00e1 piso podot\u00e1til para deficientes visuais? <strong>N\u00c3O<\/strong><\/li>\n<li>H\u00e1 placas em braile? <strong>N\u00c3O<\/strong><\/li>\n<li>H\u00e1 escadaria? <strong>N\u00c3O<\/strong><\/li>\n<li>Haver\u00e1 tradu\u00e7\u00e3o em libras? <strong>SIM<\/strong><\/li>\n<li>Haver\u00e1 audiodescri\u00e7\u00e3o? <strong>N\u00c3O<\/strong><\/li>\n<\/ul>\n<p><strong>SOBRADINHO<\/strong><\/p>\n<ul>\n<li>H\u00e1 rampas para acesso para cadeirantes? <strong>SIM, o Gin\u00e1sio \u00e9 t\u00e9rreo e a entrada tem rampa.<\/strong><\/li>\n<li>H\u00e1 banheiros adaptados? <strong>SIM<\/strong><\/li>\n<li>H\u00e1 assentos reservados para cadeirantes ou pessoas com mobilidade reduzida? <strong>SIM, a organiza\u00e7\u00e3o ir\u00e1 disponibilizar uma \u00e1rea reservada.<\/strong><\/li>\n<li>H\u00e1 piso podot\u00e1til para deficientes visuais? <strong>N\u00c3O<\/strong><\/li>\n<li>H\u00e1 placas em braile? <strong>N\u00c3O<\/strong><\/li>\n<li>H\u00e1 escadaria? <strong>SIM, a parte das escadas s\u00e3o para as arquibancadas, por\u00e9m, n\u00e3o ser\u00e3o utilizadas neste projeto.<\/strong><\/li>\n<li>Haver\u00e1 tradu\u00e7\u00e3o em libras? <strong>SIM<\/strong><\/li>\n<li>Haver\u00e1 audiodescri\u00e7\u00e3o? <strong>N\u00c3O<\/strong><\/li>\n<\/ul>\n[\/vc_column_text][\/vc_column][vc_column width=&#8221;1\/2&#8243;][vc_text_separator title=&#8221;PANDEMIA&#8221; i_icon_fontawesome=&#8221;fas fa-file-medical&#8221; i_color=&#8221;custom&#8221; title_align=&#8221;separator_align_left&#8221; color=&#8221;custom&#8221; border_width=&#8221;3&#8243; add_icon=&#8221;true&#8221; i_custom_color=&#8221;#c60011&#8243; accent_color=&#8221;#c60011&#8243;][vc_column_text]Tendo em vista o per\u00edodo de pandemia de Covid-19, h\u00e1 cuidados de biosseguran\u00e7a exigidos pelo poder p\u00fablico que dever\u00e3o ser seguidos para garantir a sa\u00fade e o bem-estar de todos os participantes do evento:<\/p>\n<p><strong>TAGUATINGA<\/strong><\/p>\n<ul>\n<li>Ser\u00e1 obrigat\u00f3rio o uso de m\u00e1scaras no espa\u00e7o do evento;<\/li>\n<li>Os assentos liberados para uso ser\u00e3o marcados;<\/li>\n<li>Haver\u00e1 intervalo de uma cadeira entre os assentos;<\/li>\n<li>Da capacidade total do espa\u00e7o, o evento est\u00e1 autorizado a preencher 50%;<\/li>\n<li>Haver\u00e1 \u00e1lcool em gel dispon\u00edvel para higieniza\u00e7\u00e3o nas duas entradas do espa\u00e7o, nos banheiros e ao lado do bebedouro;<\/li>\n<li>Haver\u00e1 checagem de temperatura na entrada do evento.<\/li>\n<\/ul>\n<p><strong>SOBRADINHO<\/strong><\/p>\n<ul>\n<li>Ser\u00e1 obrigat\u00f3rio o uso de m\u00e1scaras no espa\u00e7o do evento;<\/li>\n<li>Os acentos ser\u00e3o colocados pela organiza\u00e7\u00e3o j\u00e1 respeitando o distanciamento adequado (2 metros);<\/li>\n<li>Da capacidade total do espa\u00e7o (600 lugares), o evento est\u00e1 autorizado a preencher 50% (ou seja, 300);<\/li>\n<li>Haver\u00e1 \u00e1lcool em gel dispon\u00edvel para higieniza\u00e7\u00e3o na entrada do espa\u00e7o e nos banheiros;<\/li>\n<li>Haver\u00e1 checagem de temperatura na entrada do evento.<\/li>\n<\/ul>\n[\/vc_column_text][\/vc_column][\/vc_row][vc_row][vc_column][vc_empty_space height=&#8221;40px&#8221;]<div class=\"events_heading text-center \">\n<h2>Realiza\u00e7\u00e3o<\/h2>\n<hr\/><\/div>[vc_single_image image=&#8221;2016&#8243; img_size=&#8221;full&#8221; alignment=&#8221;center&#8221;][vc_empty_space height=&#8221;40px&#8221;]<div class=\"events_heading text-center \">\n<h2>Apoio<\/h2>\n<hr\/><\/div>[vc_single_image image=&#8221;2043&#8243; img_size=&#8221;full&#8221; alignment=&#8221;center&#8221;][\/vc_column][\/vc_row]\n<\/div>","protected":false},"excerpt":{"rendered":"<p>[vc_row][vc_column][vc_column_text]Em Taguatinga, o projeto liter\u00e1rio Di\u00e1logos Contempor\u00e2neos ser\u00e1 realizado no Centro Cultural Taguaparque, localizado na Col\u00f4nia Agr\u00edcola. J\u00e1 em Sobradinho, o evento ser\u00e1 no Gin\u00e1sio de Esportes, na Quadra 2, \u00c1rea Especial 3.[\/vc_column_text][vc_masonry_media_grid element_width=&#8221;6&#8243; gap=&#8221;10&#8243; grid_id=&#8221;vc_gid:1633040144037-718b49f8-0afe-5&#8243; include=&#8221;2119,2118&#8243;][\/vc_column][\/vc_row][vc_row][vc_column width=&#8221;1\/2&#8243;][vc_text_separator title=&#8221;ACESSIBILIDADE&#8221; i_icon_fontawesome=&#8221;fas fa-wheelchair&#8221; i_color=&#8221;custom&#8221; title_align=&#8221;separator_align_left&#8221; color=&#8221;custom&#8221; border_width=&#8221;3&#8243; add_icon=&#8221;true&#8221; i_custom_color=&#8221;#032179&#8243; accent_color=&#8221;#032179&#8243;][vc_column_text]Sobre a acessibilidade para cadeirantes ou pessoas com [&hellip;]<\/p>\n","protected":false},"author":1,"featured_media":0,"parent":0,"menu_order":5,"comment_status":"closed","ping_status":"closed","template":"","meta":{"footnotes":""},"class_list":["post-1601","page","type-page","status-publish","hentry"],"_links":{"self":[{"href":"https:\/\/aacic.com.br\/dialogoscontemporaneos\/2021\/distritofederal\/wp-json\/wp\/v2\/pages\/1601","targetHints":{"allow":["GET"]}}],"collection":[{"href":"https:\/\/aacic.com.br\/dialogoscontemporaneos\/2021\/distritofederal\/wp-json\/wp\/v2\/pages"}],"about":[{"href":"https:\/\/aacic.com.br\/dialogoscontemporaneos\/2021\/distritofederal\/wp-json\/wp\/v2\/types\/page"}],"author":[{"embeddable":true,"href":"https:\/\/aacic.com.br\/dialogoscontemporaneos\/2021\/distritofederal\/wp-json\/wp\/v2\/users\/1"}],"replies":[{"embeddable":true,"href":"https:\/\/aacic.com.br\/dialogoscontemporaneos\/2021\/distritofederal\/wp-json\/wp\/v2\/comments?post=1601"}],"version-history":[{"count":7,"href":"https:\/\/aacic.com.br\/dialogoscontemporaneos\/2021\/distritofederal\/wp-json\/wp\/v2\/pages\/1601\/revisions"}],"predecessor-version":[{"id":2121,"href":"https:\/\/aacic.com.br\/dialogoscontemporaneos\/2021\/distritofederal\/wp-json\/wp\/v2\/pages\/1601\/revisions\/2121"}],"wp:attachment":[{"href":"https:\/\/aacic.com.br\/dialogoscontemporaneos\/2021\/distritofederal\/wp-json\/wp\/v2\/media?parent=1601"}],"curies":[{"name":"wp","href":"https:\/\/api.w.org\/{rel}","templated":true}]}}